 5, 11, 224669
List the prime factors of 1899338.
2, 7, 19381
What are the prime factors of 225521887?
19, 977, 12149
What are the prime factors of 1346533054?
2, 443, 1519789
List the prime factors of 65988302.
2, 197, 167483
List the prime factors of 54888431.
13, 181, 23327
List the prime factors of 176980133.
11, 16089103
What are the prime factors of 523541561?
19, 27554819
What are the prime factors of 36638076?
2, 3, 3053173
List the prime factors of 40018143.
3, 11, 1212671
List the prime factors of 1426308633.
3, 1489, 106433
List the prime factors of 378612908.
2, 127, 745301
What are the prime factors of 90239936?
2, 1409999
List the prime factors of 21091750.
2, 5, 239, 353
List the prime factors of 48937422.
2, 3, 23, 354619
List the prime factors of 18544580.
2, 5, 927229
What are the prime factors of 910704436?
2, 227676109
What are the prime factors of 97863001?
31, 3156871
List the prime factors of 18945443.
11, 37, 46549
List the prime factors of 1360665670.
2, 5, 7, 13, 59, 25343
List the prime factors of 957885458.
2, 43, 11138203
What are the prime factors of 316115989?
7, 45159427
List the prime factors of 396487836.
2, 3, 11013551
What are the prime factors of 60972798?
2, 3, 10162133
What are the prime factors of 188629147?
7, 211, 127711
What are the prime factors of 4607289190?
2, 5, 7, 1343233
What are the prime factors of 3113884689?
3, 43, 83, 290827
List the prime factors of 37536762.
2, 3, 6256127
What are the prime factors of 1289653330?
2, 5, 7, 199, 92581
List the prime factors of 584648279.
331, 1766309
List the prime factors of 4709580.
2, 3, 5, 53, 1481
What are the prime factors of 200793322?
2, 1109, 90529
What are the prime factors of 465109615?
5, 331, 281033
List the prime factors of 4623255580.
2, 5, 47, 4918357
List the prime factors of 74053517.
74053517
List the prime factors of 499265335.
5, 83, 347, 3467
List the prime factors of 3629852834.
2, 19, 211, 23827
What are the prime factors of 123530595?
3, 5, 1277, 6449
What are the prime factors of 814306219?
814306219
What are the prime factors of 58759860?
2, 3, 5, 383, 2557
List the prime factors of 2501541927.
3, 569, 162829
List the prime factors of 4297829570.
2, 5, 67, 113, 56767
What are the prime factors of 8136440536?
2, 7, 569, 255349
What are the prime factors of 106465318?
2, 733, 72623
List the prime factors of 24188437.
7, 13, 265807
What are the prime factors of 155068608?
2, 3, 379, 2131
List the prime factors of 550027096.
2, 68753387
What are the prime factors of 163644586?
2, 7, 23, 508213
What are the prime factors of 1719559107?
3, 7, 3899227
List the prime factors of 107132494.
2, 7, 7652321
List the prime factors of 1608091489.
17, 31, 251, 12157
What are the prime factors of 2253845860?
2, 5, 7, 43, 107, 3499
List the prime factors of 35731087.
7, 617, 8273
List the prime factors of 46477246.
2, 31, 199, 3767
List the prime factors of 37422202.
2, 17, 1100653
What are the prime factors of 1178213576?
2, 73, 2017489
What are the prime factors of 361001223?
3, 11, 149, 24473
What are the prime factors of 12503828?
2, 3125957
What are the prime factors of 481562314?
2, 240781157
List the prime factors of 4300944562.
2, 2150472281
List the prime factors of 31036819.
11, 353, 7993
What are the prime factors of 1644840302?
2, 7, 109, 307, 3511
What are the prime factors of 40850459?
13, 3142343
List the prime factors of 29127912.
2, 3, 11, 19, 5807
List the prime factors of 34581779.
73, 473723
What are the prime factors of 5925911312?
2, 239, 313, 4951
List the prime factors of 377675626.
2, 109, 1732457
What are the prime factors of 347335907?
347335907
What are the prime factors of 2216417564?
2, 19, 1069, 27281
List the prime factors of 571895222.
2, 1483, 192817
What are the prime factors of 58841386?
2, 17, 127, 13627
List the prime factors of 2166769427.
757, 2862311
What are the prime factors of 234248137?
3089, 75833
List the prime factors of 4207463302.
2, 7, 251, 171049
What are the prime factors of 18839676?
2, 3, 29, 43, 1259
What are the prime factors of 432913171?
31, 13964941
List the prime factors of 214718740.
2, 5, 10735937
What are the prime factors of 1088965776?
2, 3, 29, 809, 967
What are the prime factors of 689140542?
2, 3, 79, 1453883
List the prime factors of 1026397438.
2, 11, 46654429
What are the prime factors of 3237751959?
3, 13, 83019281
What are the prime factors of 39698921?
39698921
What are the prime factors of 9421058?
2, 199, 23671
What are the prime factors of 65155805?
5, 11, 13, 91127
List the prime factors of 351403084.
2, 197, 445943
What are the prime factors of 11263470?
2, 3, 5, 375449
List the prime factors of 578219847.
3, 1723, 111863
List the prime factors of 1649056765.
5, 329811353
List the prime factors of 2329989188.
2, 4663, 124919
What are the prime factors of 83297135?
5, 29, 157, 3659
What are the prime factors of 3072101?
3072101
What are the prime factors of 219771272?
2, 7, 560641
List the prime factors of 4046351346.
2, 3, 224797297
What are the prime factors of 563992256?
2, 1153, 7643
List the prime factors of 37859991.
3, 13, 37, 26237
List the prime factors of 1804334983.
11, 164030453
List the prime factors of 7851932.
2, 11, 16223
What are the prime factors of 1222117525?
5, 19, 673, 3823
What are the prime factors of 205369335?
3, 5, 4563763
What are the prime factors of 2843961752?
2, 355495219
What are the prime factors of 170894334?
2, 3, 13, 797, 2749
List the prime factors of 1235012121.
3, 7, 2800481
List the prime factors of 6294260158.
2, 181, 17387459
List the prime factors of 570314488.
2, 19, 3752069
List the prime factors of 49271819.
23, 2142253
List the prime factors of 805704459.
3, 7, 43, 892253
What are the prime factors of 5367744600?
2, 3, 5, 23, 41, 53, 179
What are the prime factors of 785251411?
7, 1811, 8849
List the prime factors of 69262307.
2137, 32411
What are the prime factors of 2431019945?
5, 486203989
List the prime factors of 19166381.
13, 523, 2819
List the prime factors of 84902250.
2, 3, 5, 17, 6659
List the prime factors of 596870887.
359, 1662593
What are the prime factors of 4679159397?
3, 11, 10289, 13781
List the prime factors of 53379064.
2, 223, 29921
List the prime factors of 79884882.
2, 3, 7, 11, 57637
What are the prime factors of 91404932?
2, 1889, 12097
List the prime factors of 593157216.
2, 3, 6178721
What are the prime factors of 111133362?
2, 3, 311, 59557
What are the prime factors of 33913477?
13, 23, 101, 1123
What are the prime factors of 96949556?
2, 11, 383, 523
List the prime factors of 1884481409.
53, 769, 46237
List the prime factors of 8017377.
3, 137, 19507
List the prime factors of 68332973.
68332973
List the prime factors of 1839039625.
5, 41, 281, 1277
What are the prime factors of 52713898?
2, 1193, 22093
List the prime factors of 7849644.
2, 3, 11, 59467
What are the prime factors of 746329581?
3, 179, 283, 1637
List the prime factors of 5750609125.
5, 17, 2706169
List the prime factors of 3828689127.
3, 29, 1629923
List the prime factors of 1280459961.
3, 11, 569, 7577
What are the prime factors of 1171879109?
89, 3217, 4093
What are the prime factors of 6547468718?
2, 7, 37, 12639901
List the prime factors of 274763955.
3, 5, 2113, 8669
List the prime factors of 40186267.
11, 23, 193, 823
What are the prime factors of 265148127?
3, 9820301
What are the prime factors of 753148111?
4493, 167627
List the prime factors of 84865789.
43, 353, 5591
What are the prime factors of 46838431?
199, 235369
List the prime factors of 30935542.
2, 11, 1406161
What are the prime factors of 1636195539?
3, 11, 49581683
List the prime factors of 60210935.
5, 409, 29443
What are the prime factors of 1701299784?
2, 3, 1229, 57679
What are the prime factors of 365991578?
2, 2593, 70573
What are the prime factors of 126501991?
7, 11, 233, 641
List the prime factors of 863243082.
2, 3, 13, 409897
What are the prime factors of 932929042?
2, 466464521
What are the prime factors of 355019154?
2, 3, 7, 379, 22303
List the prime factors of 71611908.
2, 3, 449, 13291
List the prime factors of 314241273.
3, 34915697
What are the prime factors of 1263661175?
5, 7, 7220921
What are the prime factors of 146499499?
146499499